by (u - 103/(-3)) + (-12)/(-18).
33
Let x(j) = 339*j - 94. What is the remainder when x(4) is divided by 16?
14
Suppose 2*i - 467 = -335. Calculate the remainder when i is divided by 14.
10
What is the remainder when 31 is divided by (-4)/(-26) - 850/(-221)?
3
Let l = -84 - -169. Let v = l + -69. Calculate the remainder when v is divided by 10.
6
Suppose -4*x - 1 = -57. Suppose 49*h - 57*h + 528 = 0. Calculate the remainder when h is divided by x.
10
Let j = -40 - -23. Let o = 32 + j. What is the remainder when 42 is divided by o?
12
Let k = -39 + 96. Let a = -48 + k. Calculate the remainder when 17 is divided by a.
8
Suppose 258 = 14*x - 4642. What is the remainder when x is divided by 89?
83
Calculate the remainder when ((-52)/(-5))/((-4)/(-60)) is divided by 52.
0
Let r(b) = -13*b - 1. Let s = 7 + -5. Suppose -s*f = 2*f - 140. Calculate the remainder when f is divided by r(-1).
11
Let d(n) = -5*n - 5. Let a = -20 + 12. What is the remainder when (26/a)/1*-12 is divided by d(-3)?
9
Let c(w) = -w**2 + 15*w - 11. Suppose -9*y + 755 = -136. What is the remainder when y is divided by c(12)?
24
Let l(n) = 50*n**2 + 4*n - 3. Let q be l(1). Let f = q - 15. Calculate the remainder when f is divided by 19.
17
Suppose -5*p = -p - 16. Suppose -p*u = -69 - 35. Let h = 26 + -16. Calculate the remainder when u is divided by h.
6
Calculate the remainder when 143 is divided by (1/(-1))/(10/(-490)).
45
Let q(v) = -5 + v**2 - 3*v + 14 - 4*v. Let r be q(6). Suppose -j - r = -9. Calculate the remainder when 35 is divided by j.
5
Let f = -88 + 0. Let x = f + 153. Calculate the remainder when x is divided by 17.
14
Let x(c) = 2*c**2 - 18*c + 10. What is the remainder when x(-10) is divided by 57?
48
Let p(i) = i + 1. Let n = 171 + -78. Suppose 3*v - n = -0*v. Calculate the remainder when v is divided by p(7).
7
Let x = 240 + -173. Calculate the remainder when 600 is divided by x.
64
What is the remainder when 111 is divided by 1 + 25 - (-11 + 9)?
27
Let d(v) be the second derivative of v**4/12 - v**3/6 + 31*v**2/2 + 5*v. Suppose 0 = 4*l - 467 - 145. What is the remainder when l is divided by d(0)?
29
Suppose 5*q + 3*w - 7*w = 672, 0 = 5*q + 4*w - 688. What is the remainder when q is divided by 45?
1
Let b = 239 - 238. What is the remainder when (-2)/(b - (-198)/(-186)) is divided by (-33)/(-4) + (-1)/4?
7
Suppose 3*i - 123 = 141. What is the remainder when i is divided by ((-114)/19)/(5/(-15))?
16
Suppose -110*d + 135*d - 850 = 0. Suppose -4*f + 2*f + 2*j + 274 = 0, 4*f + 2*j - 524 = 0. Calculate the remainder when f is divided by d.
31
Let n = -473 - -1074. Calculate the remainder when n is divided by 67.
65
Let x = 226 + -211. What is the remainder when 191 is divided by x?
11
Suppose 167 = 3*b - 5*f, -5*b + 183 + 114 = f. What is the remainder when b is divided by 3?
2
Suppose -58*m = 2*g - 53*m - 10, 5*g - 58 = 4*m. Calculate the remainder when 4/6 + (-435)/(-9) is divided by g.
9
Let i be ((-3)/(-5))/(1 - 48/50). Suppose -5*s = i, -3*b + s = 2*b - 518. Calculate the remainder when b is divided by 21.
19
Suppose 0*m + 4*m = 44. Let z = 777 - 773. Calculate the remainder when m is divided by z.
3
Let h = -3 - -10. Suppose 3*r = -3*a - 3, -6 = -2*r + 3*a + 7. Let p(y) = 8*y - 3. Calculate the remainder when p(r) is divided by h.
6
Let o(s) = -s**3 - 8*s**2 - s - 6. Let z be o(-8). Let w(b) = -b**3 + 2*b**2 - b + 20. Calculate the remainder when w(0) is divided by (-14)/((-1 + 0)*z).
6
Suppose 3*c + 0*c + 54 = 0. Let x = 38 + c. What is the remainder when 57 is divided by x?
17
Let n = -10 + -15. Let d = 77 + n. What is the remainder when d is divided by 5 + -4 + (0 - -17)?
16
Suppose 594 = 6*o + 12. Calculate the remainder when o is divided by 9.
7
Let z(y) = 0*y**2 - 2 - 8*y - 2 - 2*y**2. Let s be z(-3). Suppose p = -3*l + s*l + 16, p - 4*l = 21. What is the remainder when 67 is divided by p?
16
Suppose 248 = 2*j - q, -3*j = -3*q + q - 371. What is the remainder when 23 is divided by 3 - 5/2 - j/(-10)?
10
Let m = 792 - 716. Calculate the remainder when m is divided by 5.
1
Suppose 5*y = 5*l - 3385, 5*l - 3*y + 6*y - 3369 = 0. Suppose -6*o + l = -o. Calculate the remainder when o is divided by 35.
30
Let c = -95 - -107. Calculate the remainder when 44 is divided by c.
8
Let o = 220 + -209. What is the remainder when 109 is divided by o?
10
Suppose -a = -5*z - 101, 8*a = 9*a + 3*z - 61. What is the remainder when 218 is divided by a?
66
Suppose -12 = -0*r - 4*r, -3*g = -5*r + 69. Let q be 4/g - 119/(-9). Suppose 4 - q = -d. Calculate the remainder when 16 is divided by d.
7
Let i = -207 - -208. Let s(x) = 10*x**2 + 4*x. Let r be s(-3). Suppose y = i + r. Calculate the remainder when y is divided by 20.
19
Let y = -3 - -6. Suppose 0 = t + y*n - 4, 3*t = 6*t - 3*n - 12. Suppose t*v + v - 75 = 0. What is the remainder when 57 is divided by v?
12
Let n(j) = 85*j - 412. What is the remainder when n(5) is divided by 3?
1
Suppose -13*x + 12*x + 200 = 0. Suppose 2*l - 6*l + 4*v = -x, 2*v = 3*l - 145. Calculate the remainder when 268 is divided by l.
43
Let z = -119 + 124. Calculate the remainder when (-7)/((-3 + 2)*1) is divided by z.
2
Let u be ((-18)/4)/3*44/(-33). Suppose -6*l = 5*y - 9*l - 7, 2*y = 2*l + u. Let n = 3 + 0. Calculate the remainder when n is divided by y.
1
Suppose 0 = 2*a - 3*k - 9, 2*a - 1 - 5 = 2*k. Suppose 0 = -a*c + c - 29. What is the remainder when 115 is divided by c?
28
Let p(v) = v**3 - 4*v**2 - 65*v - 15. Suppose -3*s + 143 = 2*r + 58, 5*r = -5. What is the remainder when s is divided by p(-6)?
14
Suppose -5*v - 269 + 1016 = 2*l, l + 155 = v. What is the remainder when v is divided by 52?
47
Suppose -3 + 60 = 3*k - 3*t, 2*t - 52 = -3*k. What is the remainder when 36 is divided by k?
0
Let s be -2 - ((-1114)/12 - (-6)/(-36)). Let l = s + -2. Calculate the remainder when l is divided by 10.
9
Let i(g) = g**2 + 10*g + 2. Let p be i(-8). Let j(x) = -6*x - 8. Let r be j(p). Suppose 4*b - r = 220. Calculate the remainder when b is divided by 19.
17
Let u(s) = s - 10. Let k be u(14). Let q(o) = 5 - k*o - 11 + 6*o. What is the remainder when 38 is divided by q(8)?
8
Let u = 1507 + -1482. What is the remainder when (3 + -1)*146/4 is divided by u?
23
Let a = 224 - 91. Calculate the remainder when a is divided by 45.
43
Suppose -5 = 5*z, -181 = 6*y - 7*y + z. Calculate the remainder when y is divided by 84.
12
Let l = -7852 - -7866. Let j(f) = 66*f**2 - 2*f - 1. What is the remainder when j(-1) is divided by l?
11
Suppose -3*x = 2*x. Let f be (x + (-2)/5)*310. Let s = -49 - f. What is the remainder when s is divided by 19?
18
Let m be (44/(-77))/(4/(-42)). Let l(s) = s**3 - 4*s**2 - 5*s - 11. What is the remainder when 153 is divided by l(m)?
29
What is the remainder when 1*(-6 + 7 + 669) is divided by 14?
12
Suppose -10*u + 28 = -2. Calculate the remainder when 10 is divided by u.
1
Let g be (-6)/(-8) + 7146/8. Suppose 0 = 5*k + 29 - g. Calculate the remainder when k is divided by 58.
57
Let k be (-36)/21*(-22 - -1). Suppose 0 = 2*a + 5*n + 47, 3*n + 2*n = -a - k. Let q = 14 - a. Calculate the remainder when 73 is divided by q.
23
Let u(s) = 2*s + 3 + 0*s - 4*s - 14*s**2 - 2*s - 2*s**3. What is the remainder when u(-7) is divided by 11?
9
Let i(f) = f**2 - 8*f - 58. Calculate the remainder when 501 is divided by i(13).
4
Suppose 0 = -27*l + 53 + 82. Calculate the remainder when 51 is divided by l.
1
Suppose 0 = -9*j + 278 - 53. Calculate the remainder when 622 is divided by j.
22
Let b(q) = 2*q**3 - q**2 + 2. Let n be b(1). Suppose n*w - 5*a + 22 = 79, -3*a = 2*w - 57. What is the remainder when 46 is divided by w?
22
Suppose 6*c - 7*c = -3. Suppose 0 = c*k - 2*k. Suppose 0*a - 3*a + 45 = k. What is the remainder when 42 is divided by a?
12
Suppose 4*x = h - 19, -2*h - h = -2*x - 17. Suppose -2*c = 5*y - 29, 2*y + h*c - 11 = y. What is the remainder when 24 is divided by y?
4
Let l be (-6)/3 - -78 - 4. Let s = -62 + l. What is the remainder when 168 is divided by s?
8
Suppose 6*p - 239 = 19. Calculate the remainder when 82 is divided by p.
39
Let z(c) = -2*c + 134. Let x be z(0). Let p = x - 59. What is the remainder when p is divided by 19?
18
Let r(y) = 13*y**2 - 11*y - 4. Let g be r(-3). Let p = -47 + g. Calculate the remainder when p is divid